{"id":15,"date":"2020-10-21T11:30:02","date_gmt":"2020-10-21T11:30:02","guid":{"rendered":"http:\/\/sos-lipoedema.pl\/?page_id=15"},"modified":"2023-10-22T15:37:07","modified_gmt":"2023-10-22T15:37:07","slug":"o-nas","status":"publish","type":"page","link":"https:\/\/sos-lipoedema.pl\/?page_id=15","title":{"rendered":"O nas"},"content":{"rendered":"\t\t<div data-elementor-type=\"wp-page\" data-elementor-id=\"15\" class=\"elementor elementor-15\" data-elementor-post-type=\"page\">\n\t\t\t\t\t\t<section class=\"elementor-section elementor-top-section elementor-element elementor-element-232a40f4 elementor-section-boxed elementor-section-height-default elementor-section-height-default\" data-id=\"232a40f4\" data-element_type=\"section\" data-e-type=\"section\">\n\t\t\t\t\t\t<div class=\"elementor-container elementor-column-gap-default\">\n\t\t\t\t\t<div class=\"elementor-column elementor-col-100 elementor-top-column elementor-element elementor-element-5bd0640f\" data-id=\"5bd0640f\" data-element_type=\"column\" data-e-type=\"column\">\n\t\t\t<div class=\"elementor-widget-wrap elementor-element-populated\">\n\t\t\t\t\t\t<div class=\"elementor-element elementor-element-164e1ff elementor-widget elementor-widget-text-editor\" data-id=\"164e1ff\" data-element_type=\"widget\" data-e-type=\"widget\" data-widget_type=\"text-editor.default\">\n\t\t\t\t<div class=\"elementor-widget-container\">\n\t\t\t\t\t\t\t\t\t<p class=\"Standard\" style=\"margin-bottom: 8.0pt; text-align: justify; line-height: 150%; text-autospace: none;\"><em><strong>Zesp\u00f3\u0142 SOS-LIPOEDEMA to zesp\u00f3\u0142 interdyscyplinarny \u2013 czyli wielospecjalistyczny. Zespo\u0142y interdyscyplinarne s\u0105 przysz\u0142o\u015bci\u0105 medycyny, a wsp\u00f3\u0142praca wielop\u0142aszczyznowa pomi\u0119dzy specjalistami jest niezwykle wa\u017cna dla ka\u017cdego pacjenta! Pochodzimy z czterech r\u00f3\u017cnych cz\u0119\u015bci kraju a po\u0142\u0105czy\u0142a nas pandemia i telemedycyna.\u00a0W sk\u0142ad naszego zespo\u0142u wchodz\u0105: fizjoterapeutki, dietetyczki, trenerki personalne i limfolo\u017cki! Dodatkowo, trzy z nas zmagaj\u0105 si\u0119 z obrz\u0119kiem lipidowym osobi\u015bcie, co pozwala lepiej zrozumie\u0107 specyfik\u0119 choroby i potrzeby pacjentek.<\/strong><\/em><\/p><h4 align=\"center\"><strong>W sk\u0142ad naszego zespo\u0142u wchodz\u0105:<\/strong><\/h4>\t\t\t\t\t\t\t\t<\/div>\n\t\t\t\t<\/div>\n\t\t\t\t<div class=\"elementor-element elementor-element-0282ec3 elementor-widget elementor-widget-text-editor\" data-id=\"0282ec3\" data-element_type=\"widget\" data-e-type=\"widget\" data-widget_type=\"text-editor.default\">\n\t\t\t\t<div class=\"elementor-widget-container\">\n\t\t\t\t\t\t\t\t\t<p><img fetchpriority=\"high\" decoding=\"async\" class=\"wp-image-530 alignleft\" src=\"https:\/\/sos-lipoedema.pl\/wp-content\/uploads\/2022\/02\/Projekt-bez-tytulu.png\" alt=\"\" width=\"230\" height=\"345\" \/><\/p><div align=\"justify\"><p><b>mgr Magdalena Jerzak<\/b>\u00a0\u2013 dietetyk kliniczny, pedagog. Inicjatorka i za\u0142o\u017cycielka projektu sos-lipoedema. Prowadzi grup\u0119 na Facebooku \u201eObrz\u0119k limfatyczny, lipoedema \u2013 choroby wsp\u00f3\u0142istniej\u0105ce \u2013 DIETETYCZNE WSPARCIE\u201d. Cz\u0142onkini Polskiego Towarzystwa Medycyny Stylu \u017bycia. Uczestniczka wielu konferencji i szkole\u0144 bran\u017cowych. Autorka specjalistycznych artyku\u0142\u00f3w w magazynach bran\u017cowych. Na co dzie\u0144 prowadzi poradni\u0119 dietetyczn\u0105 on-line oraz przyjmuje stacjonarnie w Warszawie w Doppler Instytut \u2013 Warszawski Instytut Naczyniowy. W swojej pracy specjalizuje si\u0119 w obrz\u0119ku lipidowym, chorobach metabolicznych, autoimmunizacyjnych, dietach wegetaria\u0144skich oraz wega\u0144skich.<\/p><p><strong>Moja strona www: <em><a href=\"https:\/\/magdalenajerzak.pl\">https:\/\/magdalenajerzak.pl<\/a><\/em><\/strong><\/p><\/div>\t\t\t\t\t\t\t\t<\/div>\n\t\t\t\t<\/div>\n\t\t\t\t<div class=\"elementor-element elementor-element-332783a elementor-widget-divider--view-line elementor-widget elementor-widget-divider\" data-id=\"332783a\" data-element_type=\"widget\" data-e-type=\"widget\" data-widget_type=\"divider.default\">\n\t\t\t\t<div class=\"elementor-widget-container\">\n\t\t\t\t\t\t\t<div class=\"elementor-divider\">\n\t\t\t<span class=\"elementor-divider-separator\">\n\t\t\t\t\t\t<\/span>\n\t\t<\/div>\n\t\t\t\t\t\t<\/div>\n\t\t\t\t<\/div>\n\t\t\t\t<div class=\"elementor-element elementor-element-777bf48 elementor-widget elementor-widget-text-editor\" data-id=\"777bf48\" data-element_type=\"widget\" data-e-type=\"widget\" data-widget_type=\"text-editor.default\">\n\t\t\t\t<div class=\"elementor-widget-container\">\n\t\t\t\t\t\t\t\t\t<p><img decoding=\"async\" class=\"wp-image-530 alignleft\" src=\"https:\/\/sos-lipoedema.pl\/wp-content\/uploads\/2021\/01\/steter.jpg\" alt=\"Dorota Stettler\" width=\"230\" height=\"345\" srcset=\"https:\/\/sos-lipoedema.pl\/wp-content\/uploads\/2021\/01\/steter.jpg 375w, https:\/\/sos-lipoedema.pl\/wp-content\/uploads\/2021\/01\/steter-200x300.jpg 200w\" sizes=\"(max-width: 230px) 100vw, 230px\" \/><\/p>\n<p align=\"justify\"><strong>mgr Dorota Stettler<\/strong> \u2013 z wykszta\u0142cenia fizjoterapeutka i limfolog, czyli osoba, kt\u00f3ra zajmuje si\u0119 obrz\u0119kami. Wykszta\u0142cenie zdobywa\u0142a w Polsce oraz w Szwajcarii. Od 5 lat profesjonalnie dobiera produkty kompresyjne stosowane&nbsp;w obrz\u0119kach \u017cylnych, limfatycznych, lipidowych a tak\u017ce odzie\u017c stosowan\u0105 po zabiegach estetycznych. Stacjonarnie przyjmuje swoich pacjent\u00f3w w Bydgoszczy. Cz\u0119sto pomaga tak\u017ce na odleg\u0142o\u015b\u0107, poprzez video konsultacje. Weryfikuje zakupiony przez pacjent\u00f3w produkt&nbsp; a tak\u017ce proponuje inne bardziej dla nich odpowiednie.&nbsp;W marcu 2019 roku za\u0142o\u017cy\u0142a grup\u0119 wsparcia Kompresja Medyczna dla kobiet zmagaj\u0105cych si\u0119 obrz\u0119kiem t\u0142uszczowym. Wsp\u00f3\u0142pracuje ze wszystkimi licz\u0105cymi si\u0119 na rynku polskim i zagranicznym firmami zajmuj\u0105cymi si\u0119 kompresj\u0105. W pracy najwa\u017cniejsze jest dobro pacjenta oraz zaufanie. Zawsze proponuje kilka produkt\u00f3w aby ostatecznie wyb\u00f3r nale\u017ca\u0142 do pacjenta. Celem jej pracy jest przede wszystkim przekonanie pacjent\u00f3w, \u017ce kompresja to nie jest z\u0142o konieczne &#8211; dobrze dobrana, poprawia funkcjonalno\u015b\u0107 i komfort \u017cycia. I zawsze powtarza: produkt kupiony to produkt noszony!<\/p>\n<p><strong>Moja strona www: <em><a href=\"https:\/\/sos-lipokompresja.pl\">https:\/\/sos-lipokompresja.pl<\/a><\/em><\/strong><\/p>\t\t\t\t\t\t\t\t<\/div>\n\t\t\t\t<\/div>\n\t\t\t\t\t<\/div>\n\t\t<\/div>\n\t\t\t\t\t<\/div>\n\t\t<\/section>\n\t\t\t\t<section class=\"elementor-section elementor-top-section elementor-element elementor-element-2915932 elementor-section-boxed elementor-section-height-default elementor-section-height-default\" data-id=\"2915932\" data-element_type=\"section\" data-e-type=\"section\">\n\t\t\t\t\t\t<div class=\"elementor-container elementor-column-gap-default\">\n\t\t\t\t\t<div class=\"elementor-column elementor-col-100 elementor-top-column elementor-element elementor-element-b58ffae\" data-id=\"b58ffae\" data-element_type=\"column\" data-e-type=\"column\">\n\t\t\t<div class=\"elementor-widget-wrap elementor-element-populated\">\n\t\t\t\t\t\t<div class=\"elementor-element elementor-element-8476f7e elementor-widget-divider--view-line elementor-widget elementor-widget-divider\" data-id=\"8476f7e\" data-element_type=\"widget\" data-e-type=\"widget\" data-widget_type=\"divider.default\">\n\t\t\t\t<div class=\"elementor-widget-container\">\n\t\t\t\t\t\t\t<div class=\"elementor-divider\">\n\t\t\t<span class=\"elementor-divider-separator\">\n\t\t\t\t\t\t<\/span>\n\t\t<\/div>\n\t\t\t\t\t\t<\/div>\n\t\t\t\t<\/div>\n\t\t\t\t<div class=\"elementor-element elementor-element-8c6e4c4 elementor-widget elementor-widget-text-editor\" data-id=\"8c6e4c4\" data-element_type=\"widget\" data-e-type=\"widget\" data-widget_type=\"text-editor.default\">\n\t\t\t\t<div class=\"elementor-widget-container\">\n\t\t\t\t\t\t\t\t\t<p class=\"Standard\" style=\"margin-bottom: 8.0pt; text-align: justify; line-height: 150%; text-autospace: none;\"><strong style=\"color: var( --e-global-color-text ); font-family: var( --e-global-typography-text-font-family ), Sans-serif; letter-spacing: 0px;\"><img decoding=\"async\" class=\"alignleft wp-image-1087\" src=\"https:\/\/sos-lipoedema.pl\/wp-content\/uploads\/2021\/03\/DSC_0067-Edit87-725x1024.jpg\" alt=\"\" width=\"209\" height=\"295\" srcset=\"https:\/\/sos-lipoedema.pl\/wp-content\/uploads\/2021\/03\/DSC_0067-Edit87-725x1024.jpg 725w, https:\/\/sos-lipoedema.pl\/wp-content\/uploads\/2021\/03\/DSC_0067-Edit87-212x300.jpg 212w, https:\/\/sos-lipoedema.pl\/wp-content\/uploads\/2021\/03\/DSC_0067-Edit87-768x1085.jpg 768w, https:\/\/sos-lipoedema.pl\/wp-content\/uploads\/2021\/03\/DSC_0067-Edit87-1087x1536.jpg 1087w, https:\/\/sos-lipoedema.pl\/wp-content\/uploads\/2021\/03\/DSC_0067-Edit87-1140x1611.jpg 1140w, https:\/\/sos-lipoedema.pl\/wp-content\/uploads\/2021\/03\/DSC_0067-Edit87.jpg 1200w\" sizes=\"(max-width: 209px) 100vw, 209px\" \/>mgr Monika Domaga\u0142a<\/strong><span style=\"color: var( --e-global-color-text ); font-family: var( --e-global-typography-text-font-family ), Sans-serif; font-weight: var( --e-global-typography-text-font-weight ); letter-spacing: 0px;\"> &#8211; kinezyteraputa, trener personalny oraz limfolog. By\u0142a szkoleniowcem oraz mi\u0119dzynarodowym prezenterem w Akademii IFAA Poland, wsp<\/span><span lang=\"EN-US\" style=\"color: var( --e-global-color-text ); font-family: var( --e-global-typography-text-font-family ), Sans-serif; font-weight: var( --e-global-typography-text-font-weight ); letter-spacing: 0px;\">\u00f3\u0142autork\u0105 programu szkoleniowego JUMP<i>it<\/i>Aqua\u00ae, jest pasjonatk\u0105 wszelkich form aktywno\u015bci fizycznej (szczeg\u00f3lnie prozdrowotnych, mentalnych i hydroterapii). Swoj\u0105 wiedz\u0119 i umiej\u0119tno\u015bci pog\u0142\u0119bia uczestnicz\u0105c w wielu konferencjach i szkoleniach bran\u017cowych.<\/span><\/p>\n<p class=\"Standard\" style=\"margin-bottom: 8.0pt; text-align: justify; line-height: 150%; text-autospace: none;\">Bra\u0142a udzia\u0142 w wielu inicjatywach propaguj\u0105cych aktywno\u015b\u0107 fizyczn\u0105, m.in. w kampanii \u201eMoveWeek\u201d, w kampanii \u201eWe love eating\u201d, w projektach rz\u0105dowych pt.\u201eDieta dla Seniora\u201d oraz \u201ePikniki Zdrowia\u201d, jest prowadz\u0105c\u0105 program w TVP3 pt.\u201eDomowa gimnastyka starszaka\u201d. Prowadzi r<span lang=\"EN-US\">\u00f3wnie\u017c wyk\u0142ady i prelekcje dotycz\u0105ce aktywno\u015bci fizycznej w wieku dojrza\u0142ym. Jest mentork\u0105 inicjatywy \u201eRazem w formie\u201d, kt\u00f3rej celem jest propagowanie zdrowego stylu \u017cycia w\u015br\u00f3d os\u00f3b dojrza\u0142ych.<\/span><\/p>\n<p class=\"Standard\" style=\"text-align: justify; line-height: 150%; text-autospace: none;\">Specjalizuje si\u0119 w pracy kinezyterapeutycznej w danych jednostkach chorobowych. Aktualnie tematem jej zainteresowa\u0144 jest lipoedema, szczeg<span lang=\"EN-US\">\u00f3lnie z punktu widzenia kinezyterapii. Zdobyt\u0105 wiedz\u0119 na temat obrz\u0119ku lipidowego wykorzystuje pomagaj\u0105c kobietom w diagnostyce i dalszym procesie rehabilitacyjnym, stawiaj\u0105c du\u017cy nacisk na synergistyczne podej\u015bcie do tematu. Wraz z Beat\u0105 Bry\u015b prowadz\u0105 grup\u0119 wsparcia na facebooku \u201eAktywno\u015b\u0107 fizyczna w lipoedemii\u201d.<\/span><\/p>\t\t\t\t\t\t\t\t<\/div>\n\t\t\t\t<\/div>\n\t\t\t\t<div class=\"elementor-element elementor-element-4accdd0 elementor-widget-divider--view-line elementor-widget elementor-widget-divider\" data-id=\"4accdd0\" data-element_type=\"widget\" data-e-type=\"widget\" data-widget_type=\"divider.default\">\n\t\t\t\t<div class=\"elementor-widget-container\">\n\t\t\t\t\t\t\t<div class=\"elementor-divider\">\n\t\t\t<span class=\"elementor-divider-separator\">\n\t\t\t\t\t\t<\/span>\n\t\t<\/div>\n\t\t\t\t\t\t<\/div>\n\t\t\t\t<\/div>\n\t\t\t\t<div class=\"elementor-element elementor-element-97d15da elementor-widget elementor-widget-text-editor\" data-id=\"97d15da\" data-element_type=\"widget\" data-e-type=\"widget\" data-widget_type=\"text-editor.default\">\n\t\t\t\t<div class=\"elementor-widget-container\">\n\t\t\t\t\t\t\t\t\t<p align=\"justify\"><strong><img loading=\"lazy\" decoding=\"async\" class=\"alignleft\" src=\"https:\/\/sos-lipoedema.pl\/wp-content\/uploads\/2021\/03\/IMG_6371-1-1140x760-1.jpg\" alt=\"\" width=\"230\" height=\"307\" \/>lic. Beata Bry\u015b<\/strong> \u2013 doradca \u017cywieniowy oraz trener personalny, instruktor fitness, instruktor kulturystyki oraz trener medyczny z ponad 15 letnim do\u015bwiadczeniem. Szkolenia, kt\u00f3re uko\u0144czy\u0142a posiadaj\u0105 akredytacj\u0119 Reps.<\/p><p style=\"text-align: justify; mso-pagination: widow-orphan;\">Jedna z pierwszych propagatorek wiedzy o lipoedemie w Polsce. Absolwentka wielu specjalistycznych szkole\u0144, zar\u00f3wno z dziedziny dietetyki jak i sportu oraz fizjoterapii. Temat jej pracy licencjackiej to &#8222;\u017bywienie w sportach si\u0142owych\u201d. Na swoim koncie ma przeprowadzenie licznych szkole\u0144 z zakresu lipodemii, interpretacji bada\u0144 krwi, \u017cywienia i suplementacji w sporcie oraz udzia\u0142 w programach telewizji \u015bniadaniowej, a tak\u017ce artyku\u0142y prasowe na temat obrz\u0119ku lipidowego. W swojej pracy jako dietetyk specjalizuje si\u0119 w prowadzeniu kobiet z lipoedem\u0105 oraz os\u00f3b z innymi jednostkami chorobowymi, jak i sportowc\u00f3w. W pracy z podopiecznymi stosuje podej\u015bcie holistyczne. Pasjonuje j\u0105 medycyna funkcjonalna. Wraz z Monik\u0105 Domaga\u0142\u0105, prowadz\u0105 grup\u0119 wsparcia na Facebooku \u201eAktywno\u015b\u0107 fizyczna w lipoedemii\u201d.<\/p><p style=\"text-align: justify; mso-pagination: widow-orphan;\">Przy\u015bwieca jej motto Hipokratesa &#8222;by leczy\u0107 cia\u0142o ludzkie, potrzebna jest wiedza o ca\u0142o\u015bci zjawisk&#8221;.<\/p>\t\t\t\t\t\t\t\t<\/div>\n\t\t\t\t<\/div>\n\t\t\t\t\t<\/div>\n\t\t<\/div>\n\t\t\t\t\t<\/div>\n\t\t<\/section>\n\t\t\t\t<section class=\"elementor-section elementor-top-section elementor-element elementor-element-1c3e0f5 elementor-section-boxed elementor-section-height-default elementor-section-height-default\" data-id=\"1c3e0f5\" data-element_type=\"section\" data-e-type=\"section\">\n\t\t\t\t\t\t<div class=\"elementor-container elementor-column-gap-default\">\n\t\t\t\t\t<div class=\"elementor-column elementor-col-100 elementor-top-column elementor-element elementor-element-b60a21b\" data-id=\"b60a21b\" data-element_type=\"column\" data-e-type=\"column\">\n\t\t\t<div class=\"elementor-widget-wrap elementor-element-populated\">\n\t\t\t\t\t\t\t<\/div>\n\t\t<\/div>\n\t\t\t\t\t<\/div>\n\t\t<\/section>\n\t\t\t\t<\/div>\n\t\t","protected":false},"excerpt":{"rendered":"<p>Zesp\u00c3\u00b3\u00c5\u201a SOS-LIPOEDEMA to zesp\u00c3\u00b3\u00c5\u201a interdyscyplinarny \u00e2\u20ac\u201c czyli wielospecjalistyczny. Zespo\u00c5\u201ay interdyscyplinarne s\u00c4\u2026 przysz\u00c5\u201ao\u00c5\u203aci\u00c4\u2026 medycyny, a wsp\u00c3\u00b3\u00c5\u201apraca wielop\u00c5\u201aaszczyznowa pomi\u00c4\u2122dzy specjalistami jest niezwykle wa\u00c5\u00bcna dla ka\u00c5\u00bcdego pacjenta! Pochodzimy z czterech r\u00c3\u00b3\u00c5\u00bcnych cz\u00c4\u2122\u00c5\u203aci kraju a po\u00c5\u201a\u00c4\u2026czy\u00c5\u201aa nas pandemia i telemedycyna.\u00c2\u00a0W sk\u00c5\u201aad naszego zespo\u00c5\u201au wchodz\u00c4\u2026: fizjoterapeutki, dietetyczki, trenerki personalne i limfolo\u00c5\u00bcki! Dodatkowo, trzy z nas zmagaj\u00c4\u2026 si\u00c4\u2122 z obrz\u00c4\u2122kiem lipidowym [&hellip;]<\/p>\n","protected":false},"author":7,"featured_media":0,"parent":0,"menu_order":0,"comment_status":"closed","ping_status":"closed","template":"","meta":{"footnotes":""},"class_list":["post-15","page","type-page","status-publish","hentry"],"blocksy_meta":[],"_links":{"self":[{"href":"https:\/\/sos-lipoedema.pl\/index.php?rest_route=\/wp\/v2\/pages\/15","targetHints":{"allow":["GET"]}}],"collection":[{"href":"https:\/\/sos-lipoedema.pl\/index.php?rest_route=\/wp\/v2\/pages"}],"about":[{"href":"https:\/\/sos-lipoedema.pl\/index.php?rest_route=\/wp\/v2\/types\/page"}],"author":[{"embeddable":true,"href":"https:\/\/sos-lipoedema.pl\/index.php?rest_route=\/wp\/v2\/users\/7"}],"replies":[{"embeddable":true,"href":"https:\/\/sos-lipoedema.pl\/index.php?rest_route=%2Fwp%2Fv2%2Fcomments&post=15"}],"version-history":[{"count":130,"href":"https:\/\/sos-lipoedema.pl\/index.php?rest_route=\/wp\/v2\/pages\/15\/revisions"}],"predecessor-version":[{"id":2946,"href":"https:\/\/sos-lipoedema.pl\/index.php?rest_route=\/wp\/v2\/pages\/15\/revisions\/2946"}],"wp:attachment":[{"href":"https:\/\/sos-lipoedema.pl\/index.php?rest_route=%2Fwp%2Fv2%2Fmedia&parent=15"}],"curies":[{"name":"wp","href":"https:\/\/api.w.org\/{rel}","templated":true}]}}